3e9 (base 16) in base 9?
427651
-10021021200 (base 3) to base 6
-1213543
Convert 73310 (base 10) to base 12.
36512
Convert 1a7658 (base 15) to base 10.
1290683
What is 2a59687 (base 11) in base 16?
4ff355
What is -163463 (base 10) in base 12?
-7a71b
-a8841 (base 13) to base 4
-1022113033
What is 3c8a5b (base 15) in base 5?
1221234321
-4231444020 (base 5) to base 4
-201302321330
1330023404 (base 6) to base 14
2196336
-101344213 (base 5) to base 2
-1100110001101111011
What is 114411420 (base 5) in base 12?
223202
What is -20700 (base 16) in base 11?
-90906
2704348 (base 9) to base 11
920575
Convert 113130221002 (base 4) to base 5.
3033143001
What is -1020445 (base 7) in base 2?
-11101111100111000
Convert 110100000000001110011 (base 2) to base 3.
10012120112000
da9725 (base 14) to base 11
41a6237
1105542253 (base 6) to base 9
24573156
Convert 35532431 (base 8) to base 15.
a3a109
Convert -3399a (base 14) to base 12.
-60684
What is 13423444 (base 8) in base 10?
3024676
Convert 2210332123 (base 4) to base 7.
5513041
-164b191 (base 12) to base 4
-101132130331
Convert a4621 (base 11) to base 7.
1203362
What is 28d621 (base 14) in base 2?
101011010101001001101
385d (base 16) to base 3
201210102
What is -1123221232 (base 4) in base 7?
-3122323
What is -3426440 (base 8) in base 6?
-31525104
What is -28711 (base 16) in base 11?
-103500
Convert 490a79 (base 14) to base 8.
11421043
What is b89b6 (base 14) in base 9?
750367
1100110000001011011 (base 2) to base 15
83c3d
What is 684596 (base 11) in base 6?
35203500
-252402 (base 9) to base 7
-1204103
-1000101001101010000110 (base 2) to base 5
-1040032112
119112a (base 11) to base 6
112140105
What is -11316425 (base 7) in base 13?
-28b626
What is 23c0a6 (base 13) in base 5?
204323034
Convert 14cb1 (base 14) to base 6.
1040135
-503263 (base 16) to base 15
-6dc404
What is -b863c2 (base 14) in base 16?
-5f3966
What is -102101122 (base 5) in base 9?
-717182
-6757761 (base 11) to base 13
-25b7316
240331221 (base 5) to base 6
35404334
What is 7855a2 (base 13) in base 6?
140505501
381719 (base 11) to base 9
1117401
-1053200 (base 6) to base 8
-151140
What is -b6158 (base 13) in base 10?
-327595
What is 217398 (base 11) in base 13?
c1962
What is 120323221 (base 4) in base 10?
102121
What is -8aa7 (base 11) in base 14?
-4515
What is 427a0d (base 15) in base 6?
151455034
Convert 1221221101101 (base 3) to base 4.
3332121211
Convert -1055031 (base 7) to base 16.
-2013f
Convert -2110111222012 (base 3) to base 6.
-44021222
Convert 247046 (base 11) to base 16.
5f391
1011001111001011 (base 2) to base 5
2433102
What is -14131341 (base 5) in base 4?
-203212312
Convert 12733177 (base 10) to base 8.
60445371
-202322133 (base 4) to base 9
-237146
Convert -4400b6 (base 12) to base 4.
-10013102022
1111000000000110 (base 2) to base 11
42190
-1001000100100111010 (base 2) to base 10
-297274
What is 100001100110000001010 (base 2) in base 12?
451062
What is -a5ac70 (base 13) in base 16?
-3b3390
Convert -122221202201102 (base 3) to base 12.
-3241978
What is 340400 (base 8) in base 7?
656054
What is -55719 (base 10) in base 9?
-84380
What is 14442056 (base 8) in base 7?
40000145
Convert -224011445 (base 6) to base 5.
-2022414123
What is -3212013 (base 6) in base 13?
-56769
What is 860449 (base 10) in base 4?
3102010201
-1010101001110000101 (base 2) to base 8
-1251605
5535230 (base 6) to base 10
277218
Convert -330bcc (base 13) to base 4.
-10211112311
What is 2d4b4 (base 15) in base 11?
9a924
Convert 13558882 (base 9) to base 11.
3874824
73876 (base 9) to base 14
13b1d
What is -188d37 (base 15) in base 13?
-32a823
What is cd0a0d (base 16) in base 6?
1200002233
Convert 36b35 (base 16) to base 15.
465bd
What is -1e02f (base 16) in base 14?
-32b27
Convert 21926 (base 11) to base 6.
402522
-31311330 (base 4) to base 11
-39666
What is -22218 (base 15) in base 10?
-108473
-11100222000 (base 3) to base 14
-234a7
Convert 63eb1f (base 16) to base 7.
106442060
246223 (base 12) to base 4
2100112323
Convert 11111100101001010110001 (base 2) to base 9.
16517221
Convert cd32 (base 14) to base 13.
13224
What is -101252 (base 10) in base 9?
-163802
What is 14151b (base 12) in base 16?
519a7
Convert 413231443 (base 5) to base 10.
1695873
-402312 (base 9) to base 2
-111010000101010100
What is -2113478 (base 9) in base 7?
-12420410
Convert -10111111020 (base 3) to base 14.
-1b163
What is -31e300 (base 15) in base 12?
-967483
1032001112 (base 4) to base 5
40211244
What is ca608 (base 15) in base 16?
9ce30
Convert 12483b6 (base 12) to base 4.
31222100322
Convert 177187 (base 9) to base 2.
11010111010011111
Convert 511752 (base 8) to base 14.
457d0
16013607 (base 8) to base 13
9b9293
Convert -333931 (base 13) to base 10.
-1207714
Convert -114680 (base 9) to base 4.
-100313130
What is -13947b9 (base 12) in base 9?
-7345046
What is 1807b0 (base 14) in base 12?
349b86
Convert -39b75 (base 14) to base 12.
-6a363
What is 17876 (base 13) in base 11?
31113
What is 289459 (base 10) in base 13?
a19a1
-879a40 (base 12) to base 2
-1000001101100110010000
What is -242600 (base 7) in base 5?
-2403243
What is 164800 (base 10) in base 4?
220033000
What is -3204837 (base 11) in base 8?
-25415555
41075 (base 13) to base 16
1c739
What is -23130310 (base 4) in base 13?
-18469
What is -2c784 (base 13) in base 12?
-41089
What is -1678949 (base 11) in base 14?
-5435a8
-113031113 (base 4) to base 9
-154355
What is -212200333 (base 4) in base 7?
-1224640
Convert -146514 (base 9) to base 11.
-61756
-40128d (base 16) to base 15
-57e26d
What is -110011001011001110 (base 2) in base 8?
-631316
Convert 10201212111 (base 3) to base 12.
3667a
Convert -25634104 (base 7) to base 14.
-45073b
85502 (base 13) to base 7
2020433
Convert 6a809a (base 12) to base 13.
48039a
Convert -130543405 (base 7) to base 3.
-120200020000121
Convert -15421055 (base 6) to base 15.
-ac1c8
What is 294621 (base 10) in base 11?
191398
What is 293009 (base 10) in base 8?
1074221
What is 302244314 (base 5) in base 10?
1212459
Convert 198658 (base 10) to base 3.
101002111201
Convert 1245513155 (base 6) to base 11.
840a6a9
-13b95c (base 14) to base 3
-1021210210011
-11111001101101110100 (base 2) to base 14
-1c8a7a
Convert 131331300 (base 6) to base 10.
2593620
1233332031 (base 4) to base 12
1a14b9
-24482 (base 10) to base 11
-17437
33021101 (base 5) to base 11
1833a6
What is -9628779 (base 10) in base 12?
-3284263
ea155 (base 15) to base 10
742805
What is -1b7229 (base 15) in base 10?
-1340364
Convert -93515 (base 15) to base 10.
-466895
Convert -11434301 (base 5) to base 12.
-52aa5
What is 68113 (base 11) in base 15?
1e354
10032233432 (base 5) to base 13
2106a66
638126 (base 14) to base 11
1998782
1001010111100111111011111 (base 2) to base 6
1541045103
Convert -33c3a (base 16) to base 13.
-75679
Convert -133233302 (base 4) to base 2.
-11111101111110010
23413d (base 14) to base 16
1257cb
-510113 (base 6) to base 10
-40221
4031014042 (base 5) to base 14
10dc90b
-5b020 (base 15) to base 3
-112202012010
What is -132955 (base 13) in base 12?
-1a3b01
What is -31b18a (base 12) in base 2?
-11000000000000111010
Convert -222471 (base 8) to base 12.
-37535
3322033 (base 8) to base 15
129d39
61ced (base 15) to base 7
2430634
What is 110100100101101110 (base 2) in base 7?
1555002
7fb91 (base 16) to base 3
222120122001
-68018 (base 12) to base 11
-94971
-12003000 (base 4) to base 2
-110000011000000
Convert -bbca5 (base 14) to base 13.
-12c2aa
Convert -748684 (base 12) to base 6.
-103232244
What is 782ab (base 14) in base 5?
33311112
Convert 4467510 (base 8) to base 9.
2241223
-153966 (base 10) to base 6
-3144450
Convert 33024420 (base 5) to base 14.
75262
What is -1101100110111110001011 (base 2) in base 4?
-31212332023
-3306601 (base 7) to base 5
-100440341
d420 (base 14) to base 3
1212001021
13014430 (base 5) to base 10
126240
What is -116654b (base 12) in base 16?
-336d8b
Convert 21a07a (base 11) to base 13.
c34ab
What is -4c0bb (base 15) in base 12?
-b8888
Convert 11110101110000100110 (base 2) to base 14.
1c2bc2
What is 12312011123 (base 4) in base 11?
1016179
What is 25053334 (base 6) in base 9?
1448854
Convert -22321234 (base 7) to base 15.
-28439d
4ba540 (base 13) to base 5
431302320
-6a444 (base 14) to base 8
-771334
What is 1b